he prime factors of m(-6)?
2, 11, 19
Let i be (-1)/(-4 - (-11)/3) - 9. What are the prime factors of (-21203)/(-42) - 1/i?
5, 101
Let w(j) = 2*j + 9. Let f be w(12). Let k be 46/161 + f/7. Suppose 50 = k*n - 160. What are the prime factors of n?
2, 3, 7
Let f be (30/75)/(2/220). Let l = f - 31. Let x = l + 3. List the prime factors of x.
2
Suppose 3*t + 2*l + 4 = 0, -t + l = t - 9. What are the prime factors of (70/7 + -107)*(-10)/t?
5, 97
Suppose 2 - 10 = -4*h + p, -5*h + 3 = -3*p. Suppose -5*l - 4*o = -6*o - 275, 0 = 5*l + h*o - 275. List the prime factors of l/(-5)*(-12)/4.
3, 11
Let a be ((-6)/18)/((-1)/(-27)). Let i be 4206/10 + a/15. Suppose 3*t + 2*t = i. What are the prime factors of t?
2, 3, 7
Suppose -961*o - 120828 = -969*o - 38548. List the prime factors of o.
5, 11, 17
Let q be (-42)/(-28)*(-874)/(-3). Suppose -f - q = -4*c, -c + 6*f = 10*f - 88. What are the prime factors of c?
2, 3
Let b = -113 - -240. Suppose 3*p = -d + b, d - 101 + 6 = 5*p. What are the prime factors of d?
5, 23
Let d(u) = 41*u + 50. Let l(p) = -80*p - 101. Let x(g) = -5*d(g) - 2*l(g). What are the prime factors of x(-5)?
3, 59
Let w = -60 - -2385. List the prime factors of w.
3, 5, 31
Suppose 5*u + 25 = -15. Let h be (-42)/u - 1/4. List the prime factors of 3*h/(5/18).
2, 3
Let h be 0 + 16/(-1)*2. Let f be h/(-112) + 122/14. Let w = 31 - f. What are the prime factors of w?
2, 11
Let m be ((-2)/(-6))/(1/12). Suppose -m*t - w = -110 - 138, 0 = 5*t + 2*w - 307. Suppose -6*h = -7*h + t. List the prime factors of h.
3, 7
Suppose -53 = r - 4*u, 5*u + 28 = -2*r - 26. Let v = r + 39. Suppose 80 = v*g - 52. What are the prime factors of g?
2, 3, 11
Let h = 10655 - 1375. List the prime factors of h.
2, 5, 29
Let i be ((-4)/6)/(4 + (-628)/156). Let q = i + -26. Suppose -9*k + 4*k + 510 = q. What are the prime factors of k?
2, 3, 17
Let h be 124/4*-3*(-15)/(-45). Let b(i) = -i**3 + 7*i**2 - 8*i - 10. Let n be b(7). Let j = h - n. What are the prime factors of j?
5, 7
Let s(g) = 5*g + 100. Let u be s(-19). Suppose 5*d = -6*o + 9*o + 8807, -7016 = -4*d - u*o. What are the prime factors of d?
1759
Suppose 0 = -56*x + 51*x - 10. Let k be 18/(5 + -3) - x. Suppose -k*o + 9*o = -66. List the prime factors of o.
3, 11
Let r(m) = -m**3 + m**2 - 1. Let t(k) = 4*k**3 - 13*k**2 - 12*k + 15. Let d(u) = -3*r(u) - t(u). Let w be d(11). What are the prime factors of (-89)/(-2)*w*-2?
89
Let m = 38630 - 14955. What are the prime factors of m?
5, 947
Suppose -5*v - 9 = 5*s - 44, 5*s - 3*v = 3. Suppose 3*b - 6 = 0, b - 5*b + 674 = s*p. List the prime factors of p.
2, 3, 37
Let s(t) = 715*t - 84. List the prime factors of s(3).
3, 229
Suppose 5*o - 3803 = -2*g, -2*o + 2*g + 57 = -1453. List the prime factors of o.
3, 11, 23
Suppose -754*d + 216918 = -676*d. What are the prime factors of d?
3, 103
Let d = 197 - 246. Let i = d + 146. What are the prime factors of i?
97
Let f(u) = u**3 + 55*u**2 + 48*u - 139. List the prime factors of f(-54).
5, 37
Suppose 3*m - 12 = 0, m - 1558 = -3*v + 1932. Let k = v - 772. List the prime factors of k.
2, 3, 5, 13
Let p = -4121 - -6755. What are the prime factors of p?
2, 3, 439
Suppose -k - 7*z + 12317 = -27727, -z - 80148 = -2*k. List the prime factors of k.
2, 5009
Let z(y) = 8518*y - 5153. What are the prime factors of z(8)?
3, 2333
Suppose 3*r + m + 3 = 0, 0 = 2*r - 3*r - 5*m - 15. Suppose 2*k = 2*p - 7 - 9, 4*p + 76 = -5*k. What are the prime factors of (-1 + -1)/(r - k/(-18))?
3
Let m = -18866 + 27746. List the prime factors of m.
2, 3, 5, 37
Let d(n) = 116*n**2 + 3*n - 1. Let f be (31 - 27)/(3 - 1). List the prime factors of d(f).
7, 67
List the prime factors of -12 + 72/9 + 562*7.
2, 3, 5, 131
Suppose -98*x + 99*x - 14816 = 0. Suppose -20*r - 556 = -x. List the prime factors of r.
23, 31
Let h(z) = -z + 30. Let b = -284 - -261. List the prime factors of h(b).
53
Suppose -21*y + 9*y = 0. Suppose y = -r + 4*s + 557, 4*r - 10*s - 2133 = -13*s. What are the prime factors of r?
3, 179
Suppose 0 = -42*b + 57*b + 4335. Let n = b + 911. List the prime factors of n.
2, 311
Suppose -2*h + 1045 = 3*r, -5*r + 194 = 2*h - 845. What are the prime factors of h?
17, 31
Let x = 25 + -21. Let u = 103 - 61. Suppose k + 0*k = -2*p + 36, 2*p = -x*k + u. What are the prime factors of p?
17
Suppose 2*m = -2*m + c - 304, -95 = m - 5*c. Let q = m + 86. Let p(d) = -d**2 + 17*d + 14. List the prime factors of p(q).
2, 5
Let j be (-76*(-3)/(-2))/((-12)/40). Suppose -14*g + q = -12*g - 377, 2*g - j = 4*q. List the prime factors of g.
2, 47
Suppose 25872 = -0*l + 7*l. Suppose 23*q = q + l. What are the prime factors of q?
2, 3, 7
Suppose -2*i + 6 = -10*z + 7*z, -z - 10 = -2*i. What are the prime factors of (-3)/i*(-9)/(45/6410)?
641
Let j(z) = 27*z**2 - 71*z - 2. What are the prime factors of j(6)?
2, 17
Let r(x) = 8*x + 432. Let g be r(-51). List the prime factors of 3/(-3) + 306*g/16.
2, 229
Let f be (1*(4 - 0))/(2/3). Suppose f*i = 5*i + 4. What are the prime factors of (146/4)/(i/8)?
73
Let p(l) = 7*l + 12. Let g be p(5). Let b(m) = -m + 3. Let o be b(-6). Let r = g - o. What are the prime factors of r?
2, 19
Let l(u) = 622*u + 7702. List the prime factors of l(35).
2, 3, 307
Suppose 0 = 3*a - 3*h + 30, -2*a - 9*h = -8*h + 8. List the prime factors of (-19)/57 + (-6920)/a.
1153
Let q = -687 - -1028. List the prime factors of q.
11, 31
Suppose 1794*k + 17040 = 1814*k. What are the prime factors of k?
2, 3, 71
List the prime factors of 1/1*(36180 + (21 - -14)).
5, 7243
List the prime factors of (-32 - -34)*(-1)/((-6)/41163).
13721
Suppose -128*v + 130*v = 13556. List the prime factors of v.
2, 3389
Let x(u) = -41*u + 4. Let n(s) = s + 1. Let l(v) = 4*n(v) + x(v). Let r(c) = c - 1. Let y(m) = -l(m) - 5*r(m). What are the prime factors of y(3)?
3, 31
Let h(c) = -3155*c - 873. List the prime factors of h(-15).
2, 3, 7, 79
Suppose -2*o + 434 = 2*m, 2*o + 5*m - 362 - 66 = 0. Let a = 435 - o. List the prime factors of a.
2, 3
Suppose 4624 = -2*u + 18900. What are the prime factors of u?
2, 43, 83
Suppose 0 = 2*s - 5*c - 15058, 4*c = -2*s - 10370 + 25410. What are the prime factors of s?
2, 3, 11, 19
Let r(d) = 21*d**2 + 25*d - 2. Let t be r(-2). Suppose 5282 = t*m - 12734. List the prime factors of m.
563
Let j(i) = -7*i - 54. Let n be j(-6). Let p be (-85)/34*-1*n/(-5). Suppose -3*l + 506 = l + 3*y, -3*y = p. What are the prime factors of l?
2
Suppose -g + 16 = -4*s, -5*g - s - 8 = s. Suppose 104*i - 103*i - 195 = g. What are the prime factors of i?
3, 5, 13
Let u = 0 + 0. Suppose u = -2*x + 3*n + 16, -2*n = -x - 4*n - 6. Suppose 2*d - 5*s - 57 = 0, 3*s - 101 = x*d - 6*d. What are the prime factors of d?
2, 13
Let w = 5473 - 1308. What are the prime factors of w?
5, 7, 17
Let q(j) = 3*j**3 + 33*j**2 - 35*j + 44. Let u(r) = -4*r**3 - 50*r**2 + 53*r - 66. Let m(l) = -7*q(l) - 5*u(l). List the prime factors of m(7).
2, 5, 47
List the prime factors of 4 - 1046*(-210)/28.
47, 167
What are the prime factors of (-2)/(-10)*487618/4 + (-36)/(-360)?
3, 7, 43
Suppose 142164 = 185*g - 174*g. What are the prime factors of g?
2, 3, 359
Suppose -2*p - 4*x = -1136 - 3638, -4*p = -2*x - 9598. What are the prime factors of p?
3, 17, 47
Let m(w) = w**2 - 9*w + 40. Let b be m(10). Let s be (-18452)/(-6) + 1/(-3). What are the prime factors of (-8)/(-6)*s/b?
2, 41
Let u = 2237 + -576. Suppose 15*n = u + 11134. List the prime factors of n.
853
Let m = 222 - 308. Let h = 281 - m. What are the prime factors of h?
367
Suppose 0 = 5*u - 231 + 21. Suppose 0 = 45*p - u*p - 1782. List the prime factors of p.
2, 3, 11
List the prime factors of 90/4*(59796/(-90))/(-11).
3, 151
Let q be (1 + 332)/3 - (1 - 4). Let w = q + -110. Suppose 11*s - w*s = 70. List the prime factors of s.
2, 5
Let c = -8384 - -12467. What are the prime factors of c?
3, 1361
Let q(m) = -53*m**2 - 3*m + 1. Let d be q(2). Let c = d - -365. Let y = c + -73. What are the prime factors of y?
3, 5
Suppose 0 = -14*z + 4468 + 2910. Suppose m - 2*p - z = 174, -3517 = -5*m + 4*p. What are the prime factors of m?
3, 5, 47
Let c(n) = 14*n**2 + 3*n - 145. List the prime factors of c(9).
2, 127
Let j = 926 - 660. List the prime factors of j.
2, 7, 19
Let x be (-42)/(-4)*(-2150)/(-15). Suppose -n = -2*d - 385, x = 4*n - d - 0*d. What are the prime f